be (-5 + 1)*561/(-68). Let k = 82 - n. Calculate the remainder when k is divided by g(5).
13
Suppose 4*f = 3*u + 164, -3*f + 2 = -3*u - 121. Let q = 396 - 69. Calculate the remainder when q is divided by f.
40
Let t(y) = 34*y**2 + 91*y - 380. What is the remainder when t(4) is divided by 145?
93
Suppose 0 = 33*o - 25*o - 4176. Suppose -o - 306 = -12*k. Suppose h - 4 = 2*r + 6, 4*h = -r + 76. Calculate the remainder when k is divided by h.
15
Suppose 39559 = 1626*w - 1609*w. What is the remainder when w is divided by 37?
33
Calculate the remainder when -7 + 4 - (-3040)/48*84/10 is divided by ((-56)/5)/(-4)*10.
25
Let v(r) = -11*r + 185. Let l(t) = -25*t + 370. Let z(f) = 4*l(f) - 10*v(f). Calculate the remainder when 130 is divided by z(39).
10
Let l be (-4)/(-6) - (-246)/(-18). Let v(c) = c + 15. Let w be v(l). Suppose -3*m = w*n + 3 - 5, n + m = 3. Calculate the remainder when 20 is divided by n.
6
Let x(t) = t**3 + 37*t**2 - 64*t - 69. Let z be x(-38). Suppose 15*r - z = 221. What is the remainder when r is divided by 16?
12
Let l = -306 - -170. Let k = l + 141. What is the remainder when 39 is divided by k?
4
Let o(x) = -12*x**3 - 12*x**2 - 35*x - 8. What is the remainder when o(-4) is divided by 61?
37
Suppose -5*c - a = 2*a, 4*c + 13 = -5*a. Let q(w) = 10 - c*w + 0*w + w. What is the remainder when 61 is divided by q(-3)?
13
Let l(g) = 1277*g**3 - g**2 + g - 1. Calculate the remainder when l(1) is divided by 15.
1
What is the remainder when 1547 is divided by -1*(-30)/(-9)*(30 + -45)?
47
Let a(v) = -136*v - 15617. Calculate the remainder when 591 is divided by a(-119).
24
Let t be ((-10)/(-15))/((-1)/(-150)). Suppose 10*w = 14*w - t. Let k = w - 7. Calculate the remainder when k is divided by 10.
8
Let u = -3116 + 3146. What is the remainder when 200 is divided by u?
20
Suppose 3*f = -90*b + 94*b - 63, 6*b = 4*f + 90. Suppose 4*x + 39 - 307 = 0. Calculate the remainder when x is divided by b.
4
Suppose 20 = 8*q + 2*q. Suppose -3*f = n + q*n - 21, 2*n = 5*f - 35. Suppose -f*t = -2*t - 285. Calculate the remainder when t is divided by 16.
9
Suppose 0 = -3*h - 3*g + 96, -h + 548*g - 563*g - 108 = 0. What is the remainder when (-658)/(-8) + (-1)/4 is divided by h?
40
Suppose -3*y - 2*b + 62 = 0, 0*y + 3*b + 39 = y. Suppose 4*t = y - 64. What is the remainder when 19 is divided by (-104)/(-20) + 2/t?
4
Let a be 6/(5 - 7) - -4. Calculate the remainder when 42 + (-6 - (-5 + 3)) is divided by a/(4/(-8))*-7.
10
Let o be ((-24)/(-40) + -2)*35. Let y = o + 78. Calculate the remainder when 130 is divided by y.
14
Suppose -2*v + 6 = -2*n, 4*v - 5*n - 13 = 1. Let o(h) = 20*h**3 - h**2 + 5*h - 4. Calculate the remainder when o(v) is divided by 7.
6
Let f(a) = 105*a - 2187. What is the remainder when f(29) is divided by 842?
16
Suppose 5*y - 10 = 0, 78 - 2 = 2*o - 5*y. Let k = o - -4. Calculate the remainder when k is divided by 17.
13
Let t(h) = h**2 + 13*h - 7. Let d be t(-5). Let x = d - -41. Calculate the remainder when 3*(-820)/(-42) - x/14 is divided by 10.
9
Let s(u) = 17*u**2 + 4*u - 38*u**2 - 23 + 61*u**2 + 19. What is the remainder when s(2) is divided by 13?
8
Let k(b) = -2*b**3 - 12*b**2 - 10*b + 4. Let w be k(-5). Suppose -9*h + w*h = -265. Calculate the remainder when 208 is divided by h.
49
Let d(k) = -115*k - 2884. What is the remainder when d(-34) is divided by 1015?
11
Suppose -5*u + 3*i + 290 = 0, -4*u + 910 = 3*i + 678. Calculate the remainder when u is divided by 39.
19
Let b be 38/209 - (-194)/22. Let z be b/(-27) + 7/3. Calculate the remainder when 67 is divided by (-85)/(-3 - z)*1.
16
Let v(z) = 7*z + 6. Let w(h) = -h**2 + 136*h - 631. Calculate the remainder when v(5) is divided by w(5).
17
Suppose 7*o = 2*o + 3*p + 109, 0 = 3*o - 4*p - 61. Suppose 0 = 2*s - s - 100. What is the remainder when s is divided by o?
8
Suppose -35 = -5*l, 3*y + 4*l + 2465 = 2979. Calculate the remainder when 215 is divided by y.
53
Let g = -177 + 199. Let b = 57 - g. Suppose -9*t + 52 = -5*t. What is the remainder when b is divided by t?
9
Let u be 4/3*(-396)/24. Let f = 35 + u. Suppose 23 = 10*l - 7. What is the remainder when f is divided by l?
1
Let z(r) = 4*r**3 - 7*r**2 + 20*r - 8. Let l be z(4). Suppose 3*t = 9*t - l. What is the remainder when 140 is divided by t?
32
Suppose -9 = -0*c - c. Suppose -91*b - 70*b + 22015 = -42*b. What is the remainder when b is divided by c?
5
Let x(k) = -30*k - 994. What is the remainder when x(-45) is divided by 30?
26
Let y(k) = 5*k**2 - 4*k**2 + 6*k - 3*k. Calculate the remainder when 53 is divided by y(4).
25
Calculate the remainder when 113 is divided by -6*((-876)/(-72) - 14).
3
Suppose -3*q - 378 = -2*s, 5*s - q = 4*q + 935. Let g = s - 140. Let u(b) = 2*b**2 + 6*b + 4. What is the remainder when g is divided by u(-4)?
7
Let r = -15 + -18. What is the remainder when 69 is divided by 30 + r - (0 - 38)?
34
Let l(d) = -d**2 - 188*d - 3609. Calculate the remainder when l(-134) is divided by 18.
9
Suppose -2*r - 7 = -3*r. Suppose 205 + 61 = -r*b. Let s = b + 75. What is the remainder when s is divided by 14?
9
Suppose 5*i - 3*p = 274, -50 = -2*i + i + 3*p. Suppose 19*f - i = 5*f. Suppose 2*k = -f + 34. Calculate the remainder when 59 is divided by k.
14
Suppose 0 = -b + 3*b - 14*b + 552. Calculate the remainder when 7401 is divided by b.
41
Suppose 4*y + 5*h = -3080, 1530 = -2*y - 2*h - 3*h. Let z = y + 1304. What is the remainder when z is divided by 19?
16
Calculate the remainder when 4 + 6 + 937 + (1 - 3) is divided by 158.
155
Let k be (75 + -2)/((-1)/(-2)). Suppose -k = -3*f + 4*u + 30, -f = -3*u - 67. Calculate the remainder when f is divided by 11.
8
Suppose -2*h + 676 = 4*m, 2*m - 469 = -4*h - 119. Let g = m - 154. Calculate the remainder when 113 is divided by g.
9
Let t = 21175 - 20604. What is the remainder when t is divided by 102?
61
Let b = -40 - -68. Suppose 606 = -2*k + x, 31*k = 32*k + x + 297. Calculate the remainder when k/b*-4*1 is divided by 12.
7
Let b = 171 + -139. Suppose 3*w - 6*x - 20 = -x, 3*w + x - b = 0. What is the remainder when 25 is divided by w?
5
Suppose -3*k = 4*n - 78, n = 242*k - 237*k - 61. Suppose 0 = -2*h + 10 - 2. Calculate the remainder when k is divided by h.
2
Suppose 3*j - 2026 = -1393. Calculate the remainder when 608 is divided by j.
186
Let l(i) = 2*i**2 - 2*i - 10. Suppose -3*u - 6 = -5*x, -48*x - 46 = -53*x - 2*u. What is the remainder when l(7) is divided by x?
2
Let x(o) = -183*o**3 - 2*o**2 - o. What is the remainder when x(-1) is divided by (-509)/(-11) - ((-2457)/(-297) - 8)?
44
Let q(m) = m**2 + 3*m - 16. Let o be q(-7). Let c be 1388/9 - o/54. Let r = c + -13. What is the remainder when r is divided by 36?
33
Suppose -2*w = 3*w - 645. What is the remainder when w is divided by ((-6)/15 + 424/(-40))*-5?
19
Let t(g) = g**3 + 21*g**2 + 7*g - 2. Let p be t(-21). Let k be 1/(7/(-511)) - (2 + 2). Let j = k - p. Calculate the remainder when j is divided by 27.
18
Suppose 26*j - 5183 - 7921 = 0. Let g = j - 436. What is the remainder when 471 is divided by g?
63
Suppose -l + 4*l = -5*d - 50, -2*l = 0. Let m = d - -45. Let o(r) = -20*r**3 - 1. What is the remainder when m is divided by o(-1)?
16
Suppose -2*g + 8 = 2*g. Suppose -13 + 3 = -g*s. Suppose s*d - r = 2*r + 118, 0 = 5*d + 4*r - 111. What is the remainder when 44 is divided by d?
21
Suppose r = -2*s - 4, 2*r + 3*s = 5*r - 15. Suppose -4*k + 422 = r*d + d, 0 = 3*k - d - 310. Calculate the remainder when k is divided by 18.
14
Suppose 122*s = 77*s + 2250. Calculate the remainder when 184 is divided by s.
34
Let i(t) = -t**3 + 7*t**2 - 16*t - 19. Let w be i(8). Let c = 226 + w. Calculate the remainder when 40 is divided by c.
10
Suppose 0 = 5*z - 0*z - 5*i - 720, 3*i = -3. Let l = -4412 + 4424. What is the remainder when z is divided by l?
11
Suppose 231*j = 236*j + 775. Let n = j - -205. What is the remainder when 179 is divided by n?
29
Suppose 87*n = 86*n + 4. Suppose b - 3*b = -26. Suppose -w = -3*w + u + 11, -2*w - u = -b. What is the remainder when w is divided by n?
2
Let v(k) = 3*k**2 - 89*k - 84. Let y be v(44). Let g = y - 1089. What is the remainder when g is divided by 72?
71
Let s be 4/(-10) + -22*(-2)/10. Let d(i) = 3*i - 16. Let o be d(6). What is the remainder when 153 is divided by s/o*